{"id":63,"date":"2014-08-18T09:23:10","date_gmt":"2014-08-18T09:23:10","guid":{"rendered":"https:\/\/www.gotthardotthon.hu\/?page_id=63"},"modified":"2023-04-26T07:23:51","modified_gmt":"2023-04-26T06:23:51","slug":"szentgotthard","status":"publish","type":"page","link":"https:\/\/www.gotthardotthon.hu\/?page_id=63","title":{"rendered":"Szentgotth\u00e1rd"},"content":{"rendered":"\n<p>Szentgotth\u00e1rd haz\u00e1nk d\u00e9lnyugati r\u00e9sz\u00e9n, a R\u00e1ba \u00e9s a Lapincs v\u00f6lgy\u00e9ben, a h\u00e1rom hat\u00e1r tal\u00e1lkoz\u00e1s\u00e1n\u00e1l fekv\u0151 szubalpesi kl\u00edm\u00e1j\u00fa, k\u00f6zel 10.000 lakos\u00fa kisv\u00e1ros.<\/p>\n\n\n\n<p>A telep\u00fcl\u00e9s t\u00f6rt\u00e9nete \u00f6sszef\u00fcgg a cisztercita rend \u00e9s ap\u00e1ts\u00e1g alap\u00edt\u00e1s\u00e1val. A forr\u00e1smunk\u00e1k szerint III.B\u00e9la 1183-ban francia cisztercita ap\u00e1tokat telep\u00edtett ide, b\u00e1r a hely val\u00f3sz\u00edn\u0171leg a ciszterek el\u0151tt is lakott telep\u00fcl\u00e9s volt.<\/p>\n\n\n\n<p>Szentgotth\u00e1rd \u00e9p\u00edt\u00e9szeti megjelen\u00e9s\u00e9nek meghat\u00e1roz\u00f3ja a t\u00f6rt\u00e9nelmi v\u00e1rosk\u00f6zpont. A v\u00e1ros k\u00e9p\u00e9t meghat\u00e1rozza a <a href=\"https:\/\/honismeret.com\/ep%C3%ADtett-kornyezet\/68-ciszterek-kolostora-%C3%A9s-nagyboldogasszony-templom\" target=\"_blank\" rel=\"noopener\">barokk kolostortemplom<\/a> m\u00e9lt\u00f3s\u00e1gos \u00e9p\u00fclete, tov\u00e1bb\u00e1 a rendh\u00e1z egykori \u00e9p\u00fclete, mely jelenleg az \u00f6nkorm\u00e1nyzatnak ad otthont. <a href=\"https:\/\/honismeret.com\/ep%C3%ADtett-kornyezet\/74-magt%C3%A1rtemplom-sz%C3%ADnh%C3%A1z\" target=\"_blank\" rel=\"noopener\">A k\u00f6z\u00e9pkori templomot \u00e1talak\u00edtott\u00e1k sz\u00ednh\u00e1zz\u00e1<\/a>.<\/p>\n\n\n\n<p>M\u00e1ra a modern ipar \u00e9s a fejlett technika a t\u00f6rt\u00e9nelemmel egy\u00fctt van jelen \u00e9s ez a saj\u00e1toss\u00e1g adja meg a v\u00e1ros semmi m\u00e1shoz nem hasonl\u00edthat\u00f3 hangulat\u00e1t.<\/p>\n\n\n\n<p>A 8-as f\u0151\u00fat ir\u00e1ny\u00e1b\u00f3l \u00e9rkez\u0151t a <a rel=\"noopener\" href=\"https:\/\/honismeret.com\/ep%C3%ADtett-kornyezet\/98-hagyomanyorzes-a-vorosmarty-mihaly-gimnaziumban\" target=\"_blank\">gimn\u00e1zium<\/a> \u00e9p\u00fcletei fogadj\u00e1k, ahol jobbra kanyarodva \u00e9s a R\u00e1ba h\u00eddon \u00e1tkelve a v\u00e1ros helyt\u00f6rt\u00e9neti \u00e9s n\u00e9prajzi m\u00fazeuma el\u0151tt Hunyadi J\u00e1nos szobr\u00e1t l\u00e1thatjuk. A Hunyadi \u00faton tov\u00e1bbhaladva pillanthatjuk meg a <a rel=\"noreferrer noopener\" href=\"https:\/\/honismeret.com\/ipari-es-muszaki-megoldasok\/66-magyar-kir%C3%A1lyi-doh%C3%A1nygy%C3%A1r-szentgotth%C3%A1rdi-szakos%C3%ADtott-otthon\" target=\"_blank\">R\u00e1baparti Integr\u00e1lt Szoci\u00e1lis Int\u00e9zm\u00e9ny Vas V\u00e1rmegy\u00e9t<\/a>, mely a vas\u00fat\u00e1llom\u00e1st\u00f3l \u00e9s az aut\u00f3busz-p\u00e1lyaudvart\u00f3l is mind\u00f6ssze 500 m-re tal\u00e1lhat\u00f3.<\/p>\n","protected":false},"excerpt":{"rendered":"<p>Szentgotth\u00e1rd haz\u00e1nk d\u00e9lnyugati r\u00e9sz\u00e9n, a R\u00e1ba \u00e9s a Lapincs v\u00f6lgy\u00e9ben, a h\u00e1rom hat\u00e1r tal\u00e1lkoz\u00e1s\u00e1n\u00e1l fekv\u0151 szubalpesi kl\u00edm\u00e1j\u00fa, k\u00f6zel 10.000 lakos\u00fa kisv\u00e1ros. A telep\u00fcl\u00e9s t\u00f6rt\u00e9nete \u00f6sszef\u00fcgg a cisztercita rend \u00e9s ap\u00e1ts\u00e1g alap\u00edt\u00e1s\u00e1val. A forr\u00e1smunk\u00e1k szerint III.B\u00e9la 1183-ban francia cisztercita ap\u00e1tokat telep\u00edtett ide, b\u00e1r a hely val\u00f3sz\u00edn\u0171leg a ciszterek el\u0151tt is lakott telep\u00fcl\u00e9s volt. Szentgotth\u00e1rd \u00e9p\u00edt\u00e9szeti megjelen\u00e9s\u00e9nek [&hellip;]<\/p>\n","protected":false},"author":1,"featured_media":1888,"parent":0,"menu_order":0,"comment_status":"closed","ping_status":"closed","template":"","meta":{"xn-wppe-expiration":[],"xn-wppe-expiration-action":[],"xn-wppe-expiration-prefix":[],"zakra_page_container_layout":"customizer","zakra_page_sidebar_layout":"customizer","zakra_remove_content_margin":false,"zakra_sidebar":"customizer","zakra_transparent_header":"customizer","zakra_logo":0,"zakra_main_header_style":"default","zakra_menu_item_color":"","zakra_menu_item_hover_color":"","zakra_menu_item_active_color":"","zakra_menu_active_style":"","zakra_page_header":true,"footnotes":""},"class_list":["post-63","page","type-page","status-publish","has-post-thumbnail","hentry"],"_links":{"self":[{"href":"https:\/\/www.gotthardotthon.hu\/index.php?rest_route=\/wp\/v2\/pages\/63","targetHints":{"allow":["GET"]}}],"collection":[{"href":"https:\/\/www.gotthardotthon.hu\/index.php?rest_route=\/wp\/v2\/pages"}],"about":[{"href":"https:\/\/www.gotthardotthon.hu\/index.php?rest_route=\/wp\/v2\/types\/page"}],"author":[{"embeddable":true,"href":"https:\/\/www.gotthardotthon.hu\/index.php?rest_route=\/wp\/v2\/users\/1"}],"replies":[{"embeddable":true,"href":"https:\/\/www.gotthardotthon.hu\/index.php?rest_route=%2Fwp%2Fv2%2Fcomments&post=63"}],"version-history":[{"count":11,"href":"https:\/\/www.gotthardotthon.hu\/index.php?rest_route=\/wp\/v2\/pages\/63\/revisions"}],"predecessor-version":[{"id":2169,"href":"https:\/\/www.gotthardotthon.hu\/index.php?rest_route=\/wp\/v2\/pages\/63\/revisions\/2169"}],"wp:featuredmedia":[{"embeddable":true,"href":"https:\/\/www.gotthardotthon.hu\/index.php?rest_route=\/wp\/v2\/media\/1888"}],"wp:attachment":[{"href":"https:\/\/www.gotthardotthon.hu\/index.php?rest_route=%2Fwp%2Fv2%2Fmedia&parent=63"}],"curies":[{"name":"wp","href":"https:\/\/api.w.org\/{rel}","templated":true}]}}

Szentgotthárd

<p>Szentgotthárd hazánk délnyugati részén, a Rába és a Lapincs völgyében, a három határ találkozásánál fekvő szubalpesi klímájú, közel 10.000 lakosú kisváros.</p>



<p>A település története összefügg a cisztercita rend és apátság alapításával. A forrásmunkák szerint III.Béla 1183-ban francia cisztercita apátokat telepített ide, bár a hely valószínűleg a ciszterek előtt is lakott település volt.</p>



<p>Szentgotthárd építészeti megjelenésének meghatározója a történelmi városközpont. A város képét meghatározza a <a href="https://honismeret.com/ep%C3%ADtett-kornyezet/68-ciszterek-kolostora-%C3%A9s-nagyboldogasszony-templom" target="_blank" rel="noopener">barokk kolostortemplom</a> méltóságos épülete, továbbá a rendház egykori épülete, mely jelenleg az önkormányzatnak ad otthont. <a href="https://honismeret.com/ep%C3%ADtett-kornyezet/74-magt%C3%A1rtemplom-sz%C3%ADnh%C3%A1z" target="_blank" rel="noopener">A középkori templomot átalakították színházzá</a>.</p>



<p>Mára a modern ipar és a fejlett technika a történelemmel együtt van jelen és ez a sajátosság adja meg a város semmi máshoz nem hasonlítható hangulatát.</p>



<p>A 8-as főút irányából érkezőt a <a rel="noopener" href="https://honismeret.com/ep%C3%ADtett-kornyezet/98-hagyomanyorzes-a-vorosmarty-mihaly-gimnaziumban" target="_blank">gimnázium</a> épületei fogadják, ahol jobbra kanyarodva és a Rába hídon átkelve a város helytörténeti és néprajzi múzeuma előtt Hunyadi János szobrát láthatjuk. A Hunyadi úton továbbhaladva pillanthatjuk meg a <a rel="noreferrer noopener" href="https://honismeret.com/ipari-es-muszaki-megoldasok/66-magyar-kir%C3%A1lyi-doh%C3%A1nygy%C3%A1r-szentgotth%C3%A1rdi-szakos%C3%ADtott-otthon" target="_blank">Rábaparti Integrált Szociális Intézmény Vas Vármegyét</a>, mely a vasútállomástól és az autóbusz-pályaudvartól is mindössze 500 m-re található.</p>

<p>Szentgotthárd hazánk délnyugati részén, a Rába és a Lapincs völgyében, a három határ találkozásánál fekvő szubalpesi klímájú, közel 10.000 lakosú kisváros. A település története összefügg a cisztercita rend és apátság alapításával. A forrásmunkák szerint III.Béla 1183-ban francia cisztercita apátokat telepített ide, bár a hely valószínűleg a ciszterek előtt is lakott település volt. Szentgotthárd építészeti megjelenésének [&hellip;]</p>
