{"id":538,"date":"2014-09-25T09:17:31","date_gmt":"2014-09-25T08:17:31","guid":{"rendered":"https:\/\/www.gotthardotthon.hu\/?page_id=538"},"modified":"2022-05-23T08:48:49","modified_gmt":"2022-05-23T07:48:49","slug":"intezmeny-2","status":"publish","type":"page","link":"https:\/\/www.gotthardotthon.hu\/?page_id=538","title":{"rendered":"Int\u00e9zm\u00e9ny"},"content":{"rendered":"<div class=\"post-headline\" style=\"color: #000000;\">\n<h1>L\u00e9tes\u00edtm\u00e9nyek<\/h1>\n<\/div>\n<div class=\"post-bodycopy clearfix\" style=\"color: #000000;\">\n<p>Int\u00e9zm\u00e9ny\u00fcnk a Hunyadi u.29. sz\u00e1m alatt tal\u00e1lhat\u00f3, 3,5 hekt\u00e1r parkos\u00edtott ter\u00fcleten.<\/p>\n<p><a style=\"font-weight: bold; color: #000000;\" href=\"https:\/\/www.gotthardotthon.hu\/wp-content\/uploads\/2010\/04\/intezmenyterkep.jpg\"><img decoding=\"async\" class=\" wp-image-483 aligncenter\" title=\"intezmenyterkep\" src=\"https:\/\/www.gotthardotthon.hu\/wp-content\/uploads\/2010\/04\/intezmenyterkep-300x193.jpg\" alt=\"\"><\/a><\/p>\n<p>Lak\u00f3inkat k\u00e9t \u00e9p\u00fcletben helyezt\u00fck el.<\/p>\n<p><a style=\"font-weight: bold; color: #000000;\" href=\"https:\/\/www.gotthardotthon.hu\/wp-content\/uploads\/2010\/04\/A9.jpg\"><img loading=\"lazy\" decoding=\"async\" class=\"alignleft  wp-image-484\" title=\"A9\" src=\"https:\/\/www.gotthardotthon.hu\/wp-content\/uploads\/2010\/04\/A9-300x225.jpg\" alt=\"\" width=\"240\" height=\"180\"><\/a><\/p>\n<p>Az \u201eA\u201d jel\u0171 \u00e9p\u00fclet az utc\u00e1val p\u00e1rhuzamosan helyezkedik el. H\u00e1rom szinten tal\u00e1lhat\u00f3k a lak\u00f3szob\u00e1k. Az \u00e9p\u00fclethez kapcsol\u00f3dik a kaz\u00e1nh\u00e1z, a mosoda \u00e9s a rakt\u00e1r is.<\/p>\n<p><a style=\"font-weight: bold; color: #000000;\" href=\"https:\/\/www.gotthardotthon.hu\/wp-content\/uploads\/2010\/04\/BC-ep.jpg\"><img loading=\"lazy\" decoding=\"async\" class=\"alignright     wp-image-256\" title=\"BC ep\" src=\"https:\/\/www.gotthardotthon.hu\/wp-content\/uploads\/2010\/04\/BC-ep-300x225.jpg\" alt=\"\" width=\"240\" height=\"180\"><\/a><\/p>\n<p>A \u201eB-C\u201d jel\u0171 lak\u00f3\u00e9p\u00fclet a bels\u0151 \u00fattal p\u00e1rhuzamos, szint\u00e9n h\u00e1rom szintes \u00e9p\u00fclet.<\/p>\n<p>Mindndk\u00e9t \u00e9p\u00fclet f\u00f6ldszintje r\u00e1mp\u00e1val ell\u00e1tott, az emeletre lift seg\u00edti a feljut\u00e1st. Minden \u00e9p\u00fclet\u00fcnk a mozg\u00e1skorl\u00e1tozottak, kerekessz\u00e9kkel k\u00f6zleked\u0151k r\u00e9sz\u00e9re is megk\u00f6zel\u00edthet\u0151k.<\/p>\n<p>Az 1998 \u2013 2000-ig tartott a foglalkoztat\u00f3 \u00e9p\u00fclet teljes rekonstrukci\u00f3ja, melyben t\u00f6bbek k\u00f6z\u00f6tt a munkajelleg\u0171 foglalkoztat\u00e1s t\u00f6rt\u00e9nik, de itt kaptak helyet a k\u00fcl\u00f6nb\u00f6z\u0151 kiscsoportos foglalkoz\u00e1sok: zene, irodalom, fest\u00e9s, rajzol\u00e1s, \u00fcvegfest\u00e9s, ker\u00e1miak\u00e9sz\u00edt\u00e9s, stb.<\/p>\n<p>Az 1200 adagos konyha rendelkezik a korszer\u0171 konyha h\u0171t\u00e9s- \u00e9s szell\u0151ztet\u00e9stechnol\u00f3gia k\u00f6vetelm\u00e9nyeivel \u00e9s megfelel\u0151 szinten biztos\u00edtja a lak\u00f3k nap<!--more-->i h\u00e1romszori, tov\u00e1bb\u00e1 sz\u00fcks\u00e9g szerinti di\u00e9t\u00e1s \u00e9tkez\u00e9s\u00e9t is.<br \/>\nA szint\u00e9n fel\u00faj\u00edtott igazgat\u00e1si \u00e9p\u00fcletben tal\u00e1lhat\u00f3k az irod\u00e1k, a fizikoter\u00e1pia, a tornaterem, a gy\u00f3gyszert\u00e1r, a varroda, valamint az alkalmazotti \u00e9tterem.<\/p>\n<p><a style=\"font-weight: bold; color: #000000;\" href=\"https:\/\/www.gotthardotthon.hu\/wp-content\/uploads\/2010\/04\/foglalkoztato1.jpg\"><img loading=\"lazy\" decoding=\"async\" class=\" wp-image-215 alignleft\" title=\"foglalkoztato\" src=\"https:\/\/www.gotthardotthon.hu\/wp-content\/uploads\/2010\/04\/foglalkoztato1-300x225.jpg\" alt=\"\" width=\"240\" height=\"180\"><\/a>A saj\u00e1t kivitelez\u00e9sben k\u00e9sz\u00fclt b\u00fcf\u00e9 \u00e9p\u00fclet\u00e9ben a lak\u00f3k ig\u00e9nyeiknek megfelel\u0151en v\u00e1s\u00e1rolhatnak \u00fcd\u00edt\u0151t, s\u00fctem\u00e9nyt, k\u00e1v\u00e9t, k\u00e9peslapot, pipereszereket, feh\u00e9rnem\u0171ket, stb.<br \/>\nAz int\u00e9zm\u00e9ny teljes \u00fat- \u00e9s j\u00e1rdah\u00e1l\u00f3zata, a park s\u00e9t\u00e1nyainak kiv\u00e9tel\u00e9vel aszfaltozott.<br \/>\nA lak\u00f3k ell\u00e1t\u00e1s\u00e1ra saj\u00e1t mosod\u00e1t \u00e9s varrod\u00e1t \u00fczemeltet\u00fcnk. A mosod\u00e1ban az int\u00e9zm\u00e9nyi text\u00edli\u00e1t \u00e9s a lak\u00f3k saj\u00e1t ruh\u00e1j\u00e1t is moss\u00e1k. A lak\u00f3szob\u00e1khoz kapcsol\u00f3d\u00f3 f\u00fcrd\u0151kben piperemos\u00e1sra is van lehet\u0151s\u00e9g hagyom\u00e1nyos \u00e9s automata mos\u00f3g\u00e9pekkel.<\/p>\n<p>Az int\u00e9zm\u00e9ny az alapvet\u0151 karbantart\u00e1si feladatokat saj\u00e1t m\u0171helyen foglalkoztatott dolgoz\u00f3kkal oldja meg. A nagyobb feladatokat idegen kivitelez\u0151k v\u00e9gzik. A karbantart\u00f3 csoport mellett m\u0171k\u00f6dik a parkfenntart\u00f3, udvari takar\u00edt\u00f3csoport is.<\/p>\n<p>A parkos\u00edtott f\u00f6ldter\u00fcleten \u2013 mely t\u00f6bb mint k\u00e9t hekt\u00e1r \u2013 tal\u00e1lhat\u00f3 a sportp\u00e1lya, k\u00fcl\u00f6nb\u00f6z\u0151 j\u00e1t\u00e9kterek, szalonnas\u00fct\u0151k, ami j\u00f3 alkalmat \u00e9s lehet\u0151s\u00e9get biztos\u00edt a lak\u00f3k szervezett \u00e9s szabadid\u0151s tev\u00e9kenys\u00e9g\u00e9re.<\/p>\n<p><a style=\"font-weight: bold; color: #000000;\" href=\"https:\/\/www.gotthardotthon.hu\/wp-content\/uploads\/2010\/04\/bufe-es-udvar.jpg\"><img loading=\"lazy\" decoding=\"async\" class=\" wp-image-217    alignleft\" title=\"bufe es udvar\" src=\"https:\/\/www.gotthardotthon.hu\/wp-content\/uploads\/2010\/04\/bufe-es-udvar-300x224.jpg\" alt=\"\" width=\"201\" height=\"152\"><\/a><a style=\"font-weight: bold; color: #000000;\" href=\"https:\/\/www.gotthardotthon.hu\/wp-content\/uploads\/2010\/04\/park.jpg\"><img loading=\"lazy\" decoding=\"async\" class=\"  wp-image-100      alignright\" title=\"park\" src=\"https:\/\/www.gotthardotthon.hu\/wp-content\/uploads\/2010\/04\/park-300x225.jpg\" alt=\"\" width=\"200\" height=\"152\"><\/a><\/p>\n<\/div>\n","protected":false},"excerpt":{"rendered":"<p>L\u00e9tes\u00edtm\u00e9nyek Int\u00e9zm\u00e9ny\u00fcnk a Hunyadi u.29. sz\u00e1m alatt tal\u00e1lhat\u00f3, 3,5 hekt\u00e1r parkos\u00edtott ter\u00fcleten. Lak\u00f3inkat k\u00e9t \u00e9p\u00fcletben helyezt\u00fck el. Az \u201eA\u201d jel\u0171 \u00e9p\u00fclet az utc\u00e1val p\u00e1rhuzamosan helyezkedik el. H\u00e1rom szinten tal\u00e1lhat\u00f3k a lak\u00f3szob\u00e1k. Az \u00e9p\u00fclethez kapcsol\u00f3dik a kaz\u00e1nh\u00e1z, a mosoda \u00e9s a rakt\u00e1r is. A \u201eB-C\u201d jel\u0171 lak\u00f3\u00e9p\u00fclet a bels\u0151 \u00fattal p\u00e1rhuzamos, szint\u00e9n h\u00e1rom szintes \u00e9p\u00fclet. Mindndk\u00e9t [&hellip;]<\/p>\n","protected":false},"author":1,"featured_media":1886,"parent":0,"menu_order":0,"comment_status":"closed","ping_status":"closed","template":"","meta":{"xn-wppe-expiration":[],"xn-wppe-expiration-action":[],"xn-wppe-expiration-prefix":[],"zakra_page_container_layout":"customizer","zakra_page_sidebar_layout":"customizer","zakra_remove_content_margin":false,"zakra_sidebar":"customizer","zakra_transparent_header":"customizer","zakra_logo":0,"zakra_main_header_style":"default","zakra_menu_item_color":"","zakra_menu_item_hover_color":"","zakra_menu_item_active_color":"","zakra_menu_active_style":"","zakra_page_header":true,"footnotes":""},"class_list":["post-538","page","type-page","status-publish","has-post-thumbnail","hentry"],"_links":{"self":[{"href":"https:\/\/www.gotthardotthon.hu\/index.php?rest_route=\/wp\/v2\/pages\/538","targetHints":{"allow":["GET"]}}],"collection":[{"href":"https:\/\/www.gotthardotthon.hu\/index.php?rest_route=\/wp\/v2\/pages"}],"about":[{"href":"https:\/\/www.gotthardotthon.hu\/index.php?rest_route=\/wp\/v2\/types\/page"}],"author":[{"embeddable":true,"href":"https:\/\/www.gotthardotthon.hu\/index.php?rest_route=\/wp\/v2\/users\/1"}],"replies":[{"embeddable":true,"href":"https:\/\/www.gotthardotthon.hu\/index.php?rest_route=%2Fwp%2Fv2%2Fcomments&post=538"}],"version-history":[{"count":4,"href":"https:\/\/www.gotthardotthon.hu\/index.php?rest_route=\/wp\/v2\/pages\/538\/revisions"}],"predecessor-version":[{"id":1940,"href":"https:\/\/www.gotthardotthon.hu\/index.php?rest_route=\/wp\/v2\/pages\/538\/revisions\/1940"}],"wp:featuredmedia":[{"embeddable":true,"href":"https:\/\/www.gotthardotthon.hu\/index.php?rest_route=\/wp\/v2\/media\/1886"}],"wp:attachment":[{"href":"https:\/\/www.gotthardotthon.hu\/index.php?rest_route=%2Fwp%2Fv2%2Fmedia&parent=538"}],"curies":[{"name":"wp","href":"https:\/\/api.w.org\/{rel}","templated":true}]}}

Intézmény

<div class="post-headline" style="color: #000000;">
<h1>Létesítmények</h1>
</div>
<div class="post-bodycopy clearfix" style="color: #000000;">
<p>Intézményünk a Hunyadi u.29. szám alatt található, 3,5 hektár parkosított területen.</p>
<p><a style="font-weight: bold; color: #000000;" href="https://www.gotthardotthon.hu/wp-content/uploads/2010/04/intezmenyterkep.jpg"><img decoding="async" class=" wp-image-483 aligncenter" title="intezmenyterkep" src="https://www.gotthardotthon.hu/wp-content/uploads/2010/04/intezmenyterkep-300x193.jpg" alt=""></a></p>
<p>Lakóinkat két épületben helyeztük el.</p>
<p><a style="font-weight: bold; color: #000000;" href="https://www.gotthardotthon.hu/wp-content/uploads/2010/04/A9.jpg"><img loading="lazy" decoding="async" class="alignleft  wp-image-484" title="A9" src="https://www.gotthardotthon.hu/wp-content/uploads/2010/04/A9-300x225.jpg" alt="" width="240" height="180"></a></p>
<p>Az „A” jelű épület az utcával párhuzamosan helyezkedik el. Három szinten találhatók a lakószobák. Az épülethez kapcsolódik a kazánház, a mosoda és a raktár is.</p>
<p><a style="font-weight: bold; color: #000000;" href="https://www.gotthardotthon.hu/wp-content/uploads/2010/04/BC-ep.jpg"><img loading="lazy" decoding="async" class="alignright     wp-image-256" title="BC ep" src="https://www.gotthardotthon.hu/wp-content/uploads/2010/04/BC-ep-300x225.jpg" alt="" width="240" height="180"></a></p>
<p>A „B-C” jelű lakóépület a belső úttal párhuzamos, szintén három szintes épület.</p>
<p>Mindndkét épület földszintje rámpával ellátott, az emeletre lift segíti a feljutást. Minden épületünk a mozgáskorlátozottak, kerekesszékkel közlekedők részére is megközelíthetők.</p>
<p>Az 1998 – 2000-ig tartott a foglalkoztató épület teljes rekonstrukciója, melyben többek között a munkajellegű foglalkoztatás történik, de itt kaptak helyet a különböző kiscsoportos foglalkozások: zene, irodalom, festés, rajzolás, üvegfestés, kerámiakészítés, stb.</p>
<p>Az 1200 adagos konyha rendelkezik a korszerű konyha hűtés- és szellőztetéstechnológia követelményeivel és megfelelő szinten biztosítja a lakók nap<!--more-->i háromszori, továbbá szükség szerinti diétás étkezését is.<br />
A szintén felújított igazgatási épületben találhatók az irodák, a fizikoterápia, a tornaterem, a gyógyszertár, a varroda, valamint az alkalmazotti étterem.</p>
<p><a style="font-weight: bold; color: #000000;" href="https://www.gotthardotthon.hu/wp-content/uploads/2010/04/foglalkoztato1.jpg"><img loading="lazy" decoding="async" class=" wp-image-215 alignleft" title="foglalkoztato" src="https://www.gotthardotthon.hu/wp-content/uploads/2010/04/foglalkoztato1-300x225.jpg" alt="" width="240" height="180"></a>A saját kivitelezésben készült büfé épületében a lakók igényeiknek megfelelően vásárolhatnak üdítőt, süteményt, kávét, képeslapot, pipereszereket, fehérneműket, stb.<br />
Az intézmény teljes út- és járdahálózata, a park sétányainak kivételével aszfaltozott.<br />
A lakók ellátására saját mosodát és varrodát üzemeltetünk. A mosodában az intézményi textíliát és a lakók saját ruháját is mossák. A lakószobákhoz kapcsolódó fürdőkben piperemosásra is van lehetőség hagyományos és automata mosógépekkel.</p>
<p>Az intézmény az alapvető karbantartási feladatokat saját műhelyen foglalkoztatott dolgozókkal oldja meg. A nagyobb feladatokat idegen kivitelezők végzik. A karbantartó csoport mellett működik a parkfenntartó, udvari takarítócsoport is.</p>
<p>A parkosított földterületen – mely több mint két hektár – található a sportpálya, különböző játékterek, szalonnasütők, ami jó alkalmat és lehetőséget biztosít a lakók szervezett és szabadidős tevékenységére.</p>
<p><a style="font-weight: bold; color: #000000;" href="https://www.gotthardotthon.hu/wp-content/uploads/2010/04/bufe-es-udvar.jpg"><img loading="lazy" decoding="async" class=" wp-image-217    alignleft" title="bufe es udvar" src="https://www.gotthardotthon.hu/wp-content/uploads/2010/04/bufe-es-udvar-300x224.jpg" alt="" width="201" height="152"></a><a style="font-weight: bold; color: #000000;" href="https://www.gotthardotthon.hu/wp-content/uploads/2010/04/park.jpg"><img loading="lazy" decoding="async" class="  wp-image-100      alignright" title="park" src="https://www.gotthardotthon.hu/wp-content/uploads/2010/04/park-300x225.jpg" alt="" width="200" height="152"></a></p>
</div>

<p>Létesítmények Intézményünk a Hunyadi u.29. szám alatt található, 3,5 hektár parkosított területen. Lakóinkat két épületben helyeztük el. Az „A” jelű épület az utcával párhuzamosan helyezkedik el. Három szinten találhatók a lakószobák. Az épülethez kapcsolódik a kazánház, a mosoda és a raktár is. A „B-C” jelű lakóépület a belső úttal párhuzamos, szintén három szintes épület. Mindndkét [&hellip;]</p>
