{"id":135,"date":"2014-08-18T13:41:03","date_gmt":"2014-08-18T13:41:03","guid":{"rendered":"https:\/\/www.gotthardotthon.hu\/?page_id=135"},"modified":"2022-05-23T08:50:01","modified_gmt":"2022-05-23T07:50:01","slug":"lakootthon","status":"publish","type":"page","link":"https:\/\/www.gotthardotthon.hu\/?page_id=135","title":{"rendered":"Lak\u00f3otthon"},"content":{"rendered":"<p>2006. december 4-\u00e9n 14 f\u0151 k\u00f6lt\u00f6z\u00f6tt az anyaotthonb\u00f3l a lak\u00f3otthonba. A rehabilit\u00e1ci\u00f3s c\u00e9l\u00fa lak\u00f3otthon az int\u00e9zm\u00e9ny szervezeti r\u00e9szlegek\u00e9nt, k\u00fcl\u00f6n\u00e1ll\u00f3 \u00e9p\u00fcletben m\u0171k\u00f6d\u0151 14 f\u00e9r\u0151helyes (telephely: 9970 Szentgotth\u00e1rd M\u00e1jus 1.u.19.) int\u00e9zm\u00e9nye. Az orsz\u00e1g legnagyobb kr\u00f3nikus pszichi\u00e1triai betegeket gondoz\u00f3 bentlak\u00e1sos otthon\u00e1hoz kapcsol\u00f3d\u00f3an, \u00e1tmenetet k\u00e9pez az int\u00e9zeti l\u00e9tb\u0151l a re-integr\u00e1ci\u00f3 \u00e9s a rehabilit\u00e1ci\u00f3 fel\u00e9.<br \/>\nA rehabilit\u00e1ci\u00f3s c\u00e9l\u00fa lak\u00f3otthon az int\u00e9zm\u00e9nyben \u00e9l\u0151k elhelyez\u00e9si k\u00f6r\u00fclm\u00e9nyeit, \u00e9letmin\u0151s\u00e9g\u00e9t jav\u00edt\u00f3, szem\u00e9lyis\u00e9g\u00fck komplex fejleszt\u00e9s\u00e9t c\u00e9lz\u00f3 saj\u00e1tos \u00e9s nagym\u00e9rt\u00e9k\u0171 szabads\u00e1got biztos\u00edt\u00f3 ell\u00e1t\u00e1si forma.<br \/>\nA lak\u00f3otthon 14 pszichi\u00e1triai beteg r\u00e9sz\u00e9re ny\u00fajt \u00e9letkor\u00e1nak, eg\u00e9szs\u00e9gi \u00e1llapot\u00e1nak \u00e9s \u00f6nell\u00e1t\u00e1sa m\u00e9rt\u00e9k\u00e9nek megfelel\u0151 ell\u00e1t\u00e1st.<br \/>\nA fent eml\u00edtett szakmai c\u00e9lok megval\u00f3s\u00edt\u00e1sa \u00e9rdek\u00e9ben egy komplex szakmai programot dolgoztunk ki az egy\u00e9nileg sz\u00fcks\u00e9ges k\u00fcl\u00f6n szolg\u00e1ltat\u00e1sok figyelembe v\u00e9tel\u00e9vel, ami tartalmazza a pedag\u00f3giai, ment\u00e1lis \u00e9s egy\u00e9b seg\u00edts\u00e9gny\u00fajt\u00e1si feladatokat. F\u0151bb elemei az \u00f6n\u00e1ll<!--more-->\u00f3s\u00e1gra val\u00f3 nevel\u00e9s kapcs\u00e1n a megfelel\u0151en alkalmazott pszichoeduk\u00e1ci\u00f3s \u00e9s az ehhez kapcsol\u00f3d\u00f3 szocioter\u00e1pi\u00e1s eszk\u00f6zrendszer, valamint a speci\u00e1lis foglalkoztat\u00e1s ter\u00e1pi\u00e1s form\u00e1kon kereszt\u00fcl megval\u00f3sul\u00f3 munkarehabilit\u00e1ci\u00f3.<br \/>\nA kihelyezett lak\u00f3k a minden ig\u00e9nyt kiel\u00e9g\u00edt\u0151 \u00e9p\u00fcletben, egy \u00e9s k\u00e9t \u00e1gyas apartmanokban \u00e9lnek.<br \/>\nA korszer\u0171en felszerelt t\u00e1gas konyha, a bar\u00e1ts\u00e1gos nappali lehet\u0151s\u00e9get biztos\u00edt k\u00f6z\u00f6s tev\u00e9kenys\u00e9gekhez. Az \u00e9p\u00fcletben kialak\u00edtott kondicion\u00e1l\u00f3 teremben sportol\u00e1sra is van lehet\u0151s\u00e9g\u00fck. J\u00f3 id\u0151 eset\u00e9n szabadidej\u00fcket az \u00e9p\u00fclethez tartoz\u00f3 parkban t\u00f6lthetik, k\u00f6z\u00f6s programokat szervezhetnek.<\/p>\n<p><a href=\"https:\/\/www.gotthardotthon.hu\/wp-content\/uploads\/2014\/08\/lakootthon_konyha.jpg\"><img loading=\"lazy\" decoding=\"async\" class=\"alignleft wp-image-485 size-thumbnail\" src=\"https:\/\/www.gotthardotthon.hu\/wp-content\/uploads\/2014\/08\/lakootthon_konyha-150x150.jpg\" alt=\"lakootthon_konyha\" width=\"150\" height=\"150\" \/><\/a> <a href=\"https:\/\/www.gotthardotthon.hu\/wp-content\/uploads\/2014\/08\/lakootthon-tarsalgo.jpg\"><img loading=\"lazy\" decoding=\"async\" class=\"alignleft wp-image-486 size-thumbnail\" src=\"https:\/\/www.gotthardotthon.hu\/wp-content\/uploads\/2014\/08\/lakootthon-tarsalgo-150x150.jpg\" alt=\"lakootthon-tarsalgo\" width=\"150\" height=\"150\" \/><\/a><\/p>\n","protected":false},"excerpt":{"rendered":"<p>2006. december 4-\u00e9n 14 f\u0151 k\u00f6lt\u00f6z\u00f6tt az anyaotthonb\u00f3l a lak\u00f3otthonba. A rehabilit\u00e1ci\u00f3s c\u00e9l\u00fa lak\u00f3otthon az int\u00e9zm\u00e9ny szervezeti r\u00e9szlegek\u00e9nt, k\u00fcl\u00f6n\u00e1ll\u00f3 \u00e9p\u00fcletben m\u0171k\u00f6d\u0151 14 f\u00e9r\u0151helyes (telephely: 9970 Szentgotth\u00e1rd M\u00e1jus 1.u.19.) int\u00e9zm\u00e9nye. Az orsz\u00e1g legnagyobb kr\u00f3nikus pszichi\u00e1triai betegeket gondoz\u00f3 bentlak\u00e1sos otthon\u00e1hoz kapcsol\u00f3d\u00f3an, \u00e1tmenetet k\u00e9pez az int\u00e9zeti l\u00e9tb\u0151l a re-integr\u00e1ci\u00f3 \u00e9s a rehabilit\u00e1ci\u00f3 fel\u00e9. A rehabilit\u00e1ci\u00f3s c\u00e9l\u00fa lak\u00f3otthon az [&hellip;]<\/p>\n","protected":false},"author":1,"featured_media":484,"parent":0,"menu_order":0,"comment_status":"closed","ping_status":"closed","template":"","meta":{"xn-wppe-expiration":[],"xn-wppe-expiration-action":[],"xn-wppe-expiration-prefix":[],"zakra_page_container_layout":"customizer","zakra_page_sidebar_layout":"customizer","zakra_remove_content_margin":false,"zakra_sidebar":"customizer","zakra_transparent_header":"customizer","zakra_logo":0,"zakra_main_header_style":"default","zakra_menu_item_color":"","zakra_menu_item_hover_color":"","zakra_menu_item_active_color":"","zakra_menu_active_style":"","zakra_page_header":true,"footnotes":""},"class_list":["post-135","page","type-page","status-publish","has-post-thumbnail","hentry"],"_links":{"self":[{"href":"https:\/\/www.gotthardotthon.hu\/index.php?rest_route=\/wp\/v2\/pages\/135","targetHints":{"allow":["GET"]}}],"collection":[{"href":"https:\/\/www.gotthardotthon.hu\/index.php?rest_route=\/wp\/v2\/pages"}],"about":[{"href":"https:\/\/www.gotthardotthon.hu\/index.php?rest_route=\/wp\/v2\/types\/page"}],"author":[{"embeddable":true,"href":"https:\/\/www.gotthardotthon.hu\/index.php?rest_route=\/wp\/v2\/users\/1"}],"replies":[{"embeddable":true,"href":"https:\/\/www.gotthardotthon.hu\/index.php?rest_route=%2Fwp%2Fv2%2Fcomments&post=135"}],"version-history":[{"count":6,"href":"https:\/\/www.gotthardotthon.hu\/index.php?rest_route=\/wp\/v2\/pages\/135\/revisions"}],"predecessor-version":[{"id":1896,"href":"https:\/\/www.gotthardotthon.hu\/index.php?rest_route=\/wp\/v2\/pages\/135\/revisions\/1896"}],"wp:featuredmedia":[{"embeddable":true,"href":"https:\/\/www.gotthardotthon.hu\/index.php?rest_route=\/wp\/v2\/media\/484"}],"wp:attachment":[{"href":"https:\/\/www.gotthardotthon.hu\/index.php?rest_route=%2Fwp%2Fv2%2Fmedia&parent=135"}],"curies":[{"name":"wp","href":"https:\/\/api.w.org\/{rel}","templated":true}]}}

Lakóotthon

<p>2006. december 4-én 14 fő költözött az anyaotthonból a lakóotthonba. A rehabilitációs célú lakóotthon az intézmény szervezeti részlegeként, különálló épületben működő 14 férőhelyes (telephely: 9970 Szentgotthárd Május 1.u.19.) intézménye. Az ország legnagyobb krónikus pszichiátriai betegeket gondozó bentlakásos otthonához kapcsolódóan, átmenetet képez az intézeti létből a re-integráció és a rehabilitáció felé.<br />
A rehabilitációs célú lakóotthon az intézményben élők elhelyezési körülményeit, életminőségét javító, személyiségük komplex fejlesztését célzó sajátos és nagymértékű szabadságot biztosító ellátási forma.<br />
A lakóotthon 14 pszichiátriai beteg részére nyújt életkorának, egészségi állapotának és önellátása mértékének megfelelő ellátást.<br />
A fent említett szakmai célok megvalósítása érdekében egy komplex szakmai programot dolgoztunk ki az egyénileg szükséges külön szolgáltatások figyelembe vételével, ami tartalmazza a pedagógiai, mentális és egyéb segítségnyújtási feladatokat. Főbb elemei az önáll<!--more-->óságra való nevelés kapcsán a megfelelően alkalmazott pszichoedukációs és az ehhez kapcsolódó szocioterápiás eszközrendszer, valamint a speciális foglalkoztatás terápiás formákon keresztül megvalósuló munkarehabilitáció.<br />
A kihelyezett lakók a minden igényt kielégítő épületben, egy és két ágyas apartmanokban élnek.<br />
A korszerűen felszerelt tágas konyha, a barátságos nappali lehetőséget biztosít közös tevékenységekhez. Az épületben kialakított kondicionáló teremben sportolásra is van lehetőségük. Jó idő esetén szabadidejüket az épülethez tartozó parkban tölthetik, közös programokat szervezhetnek.</p>
<p><a href="https://www.gotthardotthon.hu/wp-content/uploads/2014/08/lakootthon_konyha.jpg"><img loading="lazy" decoding="async" class="alignleft wp-image-485 size-thumbnail" src="https://www.gotthardotthon.hu/wp-content/uploads/2014/08/lakootthon_konyha-150x150.jpg" alt="lakootthon_konyha" width="150" height="150" /></a> <a href="https://www.gotthardotthon.hu/wp-content/uploads/2014/08/lakootthon-tarsalgo.jpg"><img loading="lazy" decoding="async" class="alignleft wp-image-486 size-thumbnail" src="https://www.gotthardotthon.hu/wp-content/uploads/2014/08/lakootthon-tarsalgo-150x150.jpg" alt="lakootthon-tarsalgo" width="150" height="150" /></a></p>

<p>2006. december 4-én 14 fő költözött az anyaotthonból a lakóotthonba. A rehabilitációs célú lakóotthon az intézmény szervezeti részlegeként, különálló épületben működő 14 férőhelyes (telephely: 9970 Szentgotthárd Május 1.u.19.) intézménye. Az ország legnagyobb krónikus pszichiátriai betegeket gondozó bentlakásos otthonához kapcsolódóan, átmenetet képez az intézeti létből a re-integráció és a rehabilitáció felé. A rehabilitációs célú lakóotthon az [&hellip;]</p>
