{"id":129,"date":"2014-08-18T13:39:47","date_gmt":"2014-08-18T13:39:47","guid":{"rendered":"https:\/\/www.gotthardotthon.hu\/?page_id=129"},"modified":"2014-09-24T15:28:17","modified_gmt":"2014-09-24T14:28:17","slug":"tamop-6-2-2","status":"publish","type":"page","link":"https:\/\/www.gotthardotthon.hu\/?page_id=129","title":{"rendered":"T\u00c1MOP 6.2.2"},"content":{"rendered":"<p><strong>\u201eK\u00e9pz\u00e9si programok az eg\u00e9szs\u00e9g\u00fcgyi \u00e1gazat <\/strong><strong>szolg\u00e1ltat\u00e1sfejleszt\u00e9se \u00e9rdek\u00e9ben.\u201d <\/strong><\/p>\n<p>APszichi\u00e1triai Betegek Otthona Szentgotth\u00e1rd az orsz\u00e1g \u00e9s k\u00f6z\u00e9p Eur\u00f3pa legnagyobb pszichi\u00e1triai betegeket ell\u00e1t\u00f3 int\u00e9zm\u00e9nye, melyben 734 kr\u00f3nikus pszichi\u00e1triai beteg tart\u00f3s \u00e1pol\u00e1s\u00e1t-gondoz\u00e1s\u00e1t v\u00e9gezz\u00fck. Az otthon az \u00daj Sz\u00e9chenyi Terv T\u00e1rsadalmi Meg\u00fajul\u00e1s Operat\u00edv Program t\u00e1mogat\u00e1si rendszer\u00e9hez beny\u00fajtott \u201eK\u00e9pz\u00e9si programok az eg\u00e9szs\u00e9g\u00fcgyi \u00e1gazat szolg\u00e1ltat\u00e1sfejleszt\u00e9se \u00e9rdek\u00e9ben.\u201d c\u00edm\u0171 T\u00c1MOP 6.2.2 A-11\/1-2012-0071 jel\u0171 p\u00e1ly\u00e1zat\u00e1t a <a href=\"https:\/\/www.gotthardotthon.hu\/wp-content\/uploads\/2014\/08\/P1160401.jpg\"><img loading=\"lazy\" decoding=\"async\" class=\"alignleft wp-image-276 size-thumbnail\" src=\"https:\/\/www.gotthardotthon.hu\/wp-content\/uploads\/2014\/08\/P1160401-150x150.jpg\" alt=\"\" width=\"150\" height=\"150\" \/><\/a>Hum\u00e1n Er\u0151forr\u00e1s Programok Ir\u00e1ny\u00edt\u00f3 Hat\u00f3s\u00e1ga110 288 405 Ft\u00f6sszeg\u0171 t\u00e1mogat\u00e1sra \u00e9rdemesnek \u00edt\u00e9lte.A megval\u00f3sul\u00f3 project sor\u00e1n az int\u00e9zm\u00e9ny szakir\u00e1ny\u00fa v\u00e9gzetts\u00e9ggel rendelkez\u0151 \u00e9s a kliensek ell\u00e1t\u00e1s\u00e1ban r\u00e9szt vev\u0151 szakdolgoz\u00f3inak k\u00e9pz\u00e9s\u00e9t, tov\u00e1bbk\u00e9pz\u00e9s\u00e9t megval\u00f3s\u00edtjuk meg. \u00c1ltal\u00e1nos \u00e1pol\u00f3 szakdolgoz\u00f3ink r\u00e1\u00e9p\u00edtett k\u00e9pz\u00e9si programban vehetnek r\u00e9szt, az int\u00e9zeti szinten jelentkez\u0151 hi\u00e1nyszakm\u00e1kban. Hi\u00e1nyszakm\u00e1nak min\u0151s\u00fcl int\u00e9zm\u00e9ny\u00fcnkben a pszichi\u00e1triai szak\u00e1pol\u00f3 valamint a geri\u00e1triai szak\u00e1p<!--more-->ol\u00f3. E k\u00e9t k\u00e9pz\u00e9sben 15-15 szakdolgoz\u00f3 r\u00e9szes\u00fcl, akik sz\u00e1m\u00e1ra a p\u00e1ly\u00e1zat keretein bel\u00fcl a k\u00e9pz\u00e9si id\u0151 sor\u00e1n motiv\u00e1ci\u00f3s \u00f6szt\u00f6nd\u00edjat foly\u00f3s\u00edtunk. A motiv\u00e1ci\u00f3s \u00f6szt\u00f6nd\u00edj m\u00e9rt\u00e9ke szakdolgoz\u00f3k eset\u00e9ben havi brutt\u00f3 128.700 Ft\/h\u00f3\/f\u0151 a k\u00e9pz\u00e9s ideje alatt, amely csaknem dupla fizet\u00e9st jelent a dogoz\u00f3k sz\u00e1m\u00e1ra.<\/p>\n<p>Menedzsment jelleg\u0171 munkahelyen bel\u00fcl szervezett gyakorlati k\u00e9pz\u00e9seket bonyol\u00edtunk le szakorvosok, pszichol\u00f3gusok \u00e9s szakdolgoz\u00f3k r\u00e9sz\u00e9re, kommunik\u00e1ci\u00f3s tr\u00e9ningek, szem\u00e9lyis\u00e9gfejleszt\u0151 tr\u00e9ningek, ki\u00e9g\u00e9s megel\u0151z\u00e9s\u00e9re szolg\u00e1l\u00f3 tr\u00e9ningek form\u00e1j\u00e1ban.<\/p>\n<p>Fontos sz\u00e1munkra a hat\u00e9kony munkav\u00e9gz\u00e9s, ez\u00e9rt a tov\u00e1bbk\u00e9pz\u00e9seink sor\u00e1n ezt a ter\u00fcletet is fejlesztj\u00fck megfelel\u0151 programokkal, vezet\u0151i k\u00e9szs\u00e9gfejleszt\u00e9si, vezet\u00e9selm\u00e9leti \u00e9s gazd\u00e1lkod\u00e1selm\u00e9leti t\u00e9m\u00e1kban.<\/p>\n<p>Menedzsment jelleg\u0171 k\u00e9pz\u00e9sek r\u00e9szletes lebont\u00e1sa:<\/p>\n<ul>\n<li>Demens betegek nappali ell\u00e1t\u00e1s\u00e1t v\u00e9gz\u0151k k\u00e9pz\u00e9si programja- 20 f\u0151<\/li>\n<li>V\u00e1ltoz\u00e1skezel\u00e9s a szoci\u00e1lis \u00e1gazatban- 20 f\u0151<\/li>\n<li>Ki\u00e9g\u00e9st megel\u0151z\u0151 tr\u00e9ning \u2013 40 f\u0151<\/li>\n<li>Asszert\u00edv kommunik\u00e1ci\u00f3 \u2013 36f \u0151<\/li>\n<li>\u00daj megk\u00f6zel\u00edt\u00e9sek a hat\u00e9kony szervezeti kommunik\u00e1ci\u00f3ban \u2013 36 f\u0151<\/li>\n<li>Ment\u00e1lhigi\u00e9n\u00e9s csoport vezet\u00e9se kognit\u00edv ter\u00e1pi\u00e1s elvek alapj\u00e1n \u2013 10 f\u0151<\/li>\n<li>Seg\u00edt\u0151i \u00f6nismereti csoport \u2013 15 f\u0151<\/li>\n<li>Vezet\u0151i k\u00e9szs\u00e9gek fejleszt\u00e9se az eg\u00e9szs\u00e9g\u00fcgyben \u2013 16 f\u0151<\/li>\n<li>Eg\u00e9szs\u00e9g\u00fcgyi vezet\u00e9selm\u00e9let \u2013 10 f\u0151<\/li>\n<li>Eg\u00e9szs\u00e9g\u00fcgyi gazd\u00e1lkod\u00e1selm\u00e9let -10 f\u0151<\/li>\n<li>Mindennapi stressz, agressz\u00edv-\u00e9s konfliktushelyzetek kommunik\u00e1ci\u00f3s kezel\u00e9se a betegell\u00e1t\u00e1s gyakorlat\u00e1ban- 32 f\u0151<\/li>\n<li>Szem\u00e9lyes hat\u00e9konys\u00e1g fejleszt\u00e9se az eg\u00e9szs\u00e9g\u00fcgyi munkav\u00e9gz\u00e9sben- 32 f\u0151<\/li>\n<li>Gy\u00f3gy\u00edt\u00f3 szavak ereje, azaz elk\u00f6telez\u00e9s \u00e9s hat\u00e1sgyakorl\u00e1s a betegell\u00e1t\u00e1s sor\u00e1n a jobb beteg-egy\u00fcttm\u0171k\u00f6d\u00e9s\u00e9rt, az eredm\u00e9nyes betegoktat\u00e1s\u00e9rt \u00e9s a gy\u00f3gyul\u00e1s\u00e9rt- 32 f\u0151<\/li>\n<\/ul>\n<p>A k\u00e9pz\u00e9seket minden esetben \u00e9rv\u00e9nyes int\u00e9zm\u00e9nyakkredit\u00e1ci\u00f3val rendelkez\u0151 k\u00e9pz\u0151 int\u00e9zm\u00e9nyek v\u00e9gzik, min\u0151s\u00edtett k\u00e9pz\u00e9si programok alapj\u00e1n. Munk\u00e1nk sor\u00e1n c\u00e9lunk a gondozottak magas szint\u0171, individu\u00e1lis ell\u00e1t\u00e1s\u00e1nak a biztos\u00edt\u00e1sa. Mindehhez elengedhetetlen a sokr\u00e9t\u0171, magas szint\u0171 ismeretekkel rendelkez\u0151 szakemberek alkalmaz\u00e1sa, a hat\u00e9kony munkaszervez\u00e9s, a megfelel\u0151 szervezeten bel\u00fcli kommunik\u00e1ci\u00f3, valamint a dolgoz\u00f3k lelki eg\u00e9szs\u00e9g\u00e9nek biztos\u00edt\u00e1sa. A pszichi\u00e1triai betegekkel val\u00f3 foglalkoz\u00e1s rendk\u00edv\u00fcl nagy pszich\u00e9s megterhel\u00e9st jelent az itt dolgoz\u00f3k sz\u00e1m\u00e1ra. K\u00e9szs\u00e9gfejleszt\u0151 tr\u00e9ningekkel, stressz old\u00f3 technik\u00e1k elsaj\u00e1t\u00edt\u00e1s\u00e1val kik\u00fcsz\u00f6b\u00f6lhetj\u00fck a ki\u00e9g\u00e9s t\u00fcnet-egy\u00fcttes\u00e9nek kialakul\u00e1s\u00e1t \u00e9s seg\u00edthetj\u00fck munkat\u00e1rsaink lelki eg\u00e9szs\u00e9g\u00e9nek megtart\u00e1s\u00e1t. Id\u0151k\u00f6zben a szem\u00e9lyi \u00e1llom\u00e1nyban t\u00f6rt\u00e9nt v\u00e1ltoz\u00e1sok \u00e9s a k\u00f6zbeszerz\u00e9si elj\u00e1r\u00e1s sor\u00e1n siker\u00fclt k\u00f6zel 10 milli\u00f3 Ft-ot megtakar\u00edtanunk, amely felhaszn\u00e1l\u00e1s\u00e1nak enged\u00e9lyez\u00e9s\u00e9t k\u00e9rv\u00e9nyezt\u00fck az ESZA, mint K\u00f6zrem\u0171k\u00f6d\u0151 Szervezetn\u00e9l. A fennmaradt \u00f6sszeget tov\u00e1bbi k\u00e9pz\u00e9sek szervez\u00e9s\u00e9re k\u00edv\u00e1njuk felhaszn\u00e1lni, mint pl. diabetol\u00f3giai szak\u00e1pol\u00f3 k\u00e9pz\u00e9s, pszichi\u00e1triai betegek rehabilit\u00e1ci\u00f3j\u00e1t, fel\u00e9p\u00fcl\u00e9s\u00e9t seg\u00edt\u0151 szakdolgoz\u00f3i kompetenciab\u0151v\u00edt\u0151 k\u00e9pz\u00e9sek, autog\u00e9n tr\u00e9ning. A p\u00e1ly\u00e1zat seg\u00edts\u00e9get ny\u00fajt sz\u00e1munkra abban, hogy a szakir\u00e1ny\u00fa k\u00e9pz\u00e9seket, tov\u00e1bbk\u00e9pz\u00e9seket v\u00e9gzett dolgoz\u00f3k, az egyre magasabb sz\u00ednvonal\u00fa szakmai munka megval\u00f3sul\u00e1s\u00e1hoz tev\u00e9kenyen tudjanak hozz\u00e1j\u00e1rulni. Az ell\u00e1t\u00e1sszervez\u00e9s \u00e9s a kommunik\u00e1ci\u00f3 fejleszt\u00e9se is az eredm\u00e9nyesebb betegell\u00e1t\u00e1st seg\u00edti.<\/p>\n<p><span style=\"text-decoration: underline;\"><em><strong>K\u00e9pz\u00e9sek:<\/strong><\/em><\/span><\/p>\n<ul>\n<li>Szak\u00e1pol\u00f3 k\u00e9pz\u00e9s:<\/li>\n<li>Ki\u00e9g\u00e9st megel\u0151z\u0151 tr\u00e9ning<\/li>\n<\/ul>\n<p>&nbsp;<\/p>\n<p>&nbsp;<\/p>\n<p>&nbsp;<\/p>\n","protected":false},"excerpt":{"rendered":"<p>\u201eK\u00e9pz\u00e9si programok az eg\u00e9szs\u00e9g\u00fcgyi \u00e1gazat szolg\u00e1ltat\u00e1sfejleszt\u00e9se \u00e9rdek\u00e9ben.\u201d APszichi\u00e1triai Betegek Otthona Szentgotth\u00e1rd az orsz\u00e1g \u00e9s k\u00f6z\u00e9p Eur\u00f3pa legnagyobb pszichi\u00e1triai betegeket ell\u00e1t\u00f3 int\u00e9zm\u00e9nye, melyben 734 kr\u00f3nikus pszichi\u00e1triai beteg tart\u00f3s \u00e1pol\u00e1s\u00e1t-gondoz\u00e1s\u00e1t v\u00e9gezz\u00fck. Az otthon az \u00daj Sz\u00e9chenyi Terv T\u00e1rsadalmi Meg\u00fajul\u00e1s Operat\u00edv Program t\u00e1mogat\u00e1si rendszer\u00e9hez beny\u00fajtott \u201eK\u00e9pz\u00e9si programok az eg\u00e9szs\u00e9g\u00fcgyi \u00e1gazat szolg\u00e1ltat\u00e1sfejleszt\u00e9se \u00e9rdek\u00e9ben.\u201d c\u00edm\u0171 T\u00c1MOP 6.2.2 A-11\/1-2012-0071 jel\u0171 p\u00e1ly\u00e1zat\u00e1t [&hellip;]<\/p>\n","protected":false},"author":1,"featured_media":0,"parent":0,"menu_order":0,"comment_status":"closed","ping_status":"closed","template":"","meta":{"xn-wppe-expiration":[],"xn-wppe-expiration-action":[],"xn-wppe-expiration-prefix":[],"zakra_page_container_layout":"customizer","zakra_page_sidebar_layout":"customizer","zakra_remove_content_margin":false,"zakra_sidebar":"customizer","zakra_transparent_header":"customizer","zakra_logo":0,"zakra_main_header_style":"default","zakra_menu_item_color":"","zakra_menu_item_hover_color":"","zakra_menu_item_active_color":"","zakra_menu_active_style":"","zakra_page_header":true,"footnotes":""},"class_list":["post-129","page","type-page","status-publish","hentry"],"_links":{"self":[{"href":"https:\/\/www.gotthardotthon.hu\/index.php?rest_route=\/wp\/v2\/pages\/129","targetHints":{"allow":["GET"]}}],"collection":[{"href":"https:\/\/www.gotthardotthon.hu\/index.php?rest_route=\/wp\/v2\/pages"}],"about":[{"href":"https:\/\/www.gotthardotthon.hu\/index.php?rest_route=\/wp\/v2\/types\/page"}],"author":[{"embeddable":true,"href":"https:\/\/www.gotthardotthon.hu\/index.php?rest_route=\/wp\/v2\/users\/1"}],"replies":[{"embeddable":true,"href":"https:\/\/www.gotthardotthon.hu\/index.php?rest_route=%2Fwp%2Fv2%2Fcomments&post=129"}],"version-history":[{"count":9,"href":"https:\/\/www.gotthardotthon.hu\/index.php?rest_route=\/wp\/v2\/pages\/129\/revisions"}],"predecessor-version":[{"id":534,"href":"https:\/\/www.gotthardotthon.hu\/index.php?rest_route=\/wp\/v2\/pages\/129\/revisions\/534"}],"wp:attachment":[{"href":"https:\/\/www.gotthardotthon.hu\/index.php?rest_route=%2Fwp%2Fv2%2Fmedia&parent=129"}],"curies":[{"name":"wp","href":"https:\/\/api.w.org\/{rel}","templated":true}]}}

TÁMOP 6.2.2

<p><strong>„Képzési programok az egészségügyi ágazat </strong><strong>szolgáltatásfejlesztése érdekében.” </strong></p>
<p>APszichiátriai Betegek Otthona Szentgotthárd az ország és közép Európa legnagyobb pszichiátriai betegeket ellátó intézménye, melyben 734 krónikus pszichiátriai beteg tartós ápolását-gondozását végezzük. Az otthon az Új Széchenyi Terv Társadalmi Megújulás Operatív Program támogatási rendszeréhez benyújtott „Képzési programok az egészségügyi ágazat szolgáltatásfejlesztése érdekében.” című TÁMOP 6.2.2 A-11/1-2012-0071 jelű pályázatát a <a href="https://www.gotthardotthon.hu/wp-content/uploads/2014/08/P1160401.jpg"><img loading="lazy" decoding="async" class="alignleft wp-image-276 size-thumbnail" src="https://www.gotthardotthon.hu/wp-content/uploads/2014/08/P1160401-150x150.jpg" alt="" width="150" height="150" /></a>Humán Erőforrás Programok Irányító Hatósága110 288 405 Ftösszegű támogatásra érdemesnek ítélte.A megvalósuló project során az intézmény szakirányú végzettséggel rendelkező és a kliensek ellátásában részt vevő szakdolgozóinak képzését, továbbképzését megvalósítjuk meg. Általános ápoló szakdolgozóink ráépített képzési programban vehetnek részt, az intézeti szinten jelentkező hiányszakmákban. Hiányszakmának minősül intézményünkben a pszichiátriai szakápoló valamint a geriátriai szakáp<!--more-->oló. E két képzésben 15-15 szakdolgozó részesül, akik számára a pályázat keretein belül a képzési idő során motivációs ösztöndíjat folyósítunk. A motivációs ösztöndíj mértéke szakdolgozók esetében havi bruttó 128.700 Ft/hó/fő a képzés ideje alatt, amely csaknem dupla fizetést jelent a dogozók számára.</p>
<p>Menedzsment jellegű munkahelyen belül szervezett gyakorlati képzéseket bonyolítunk le szakorvosok, pszichológusok és szakdolgozók részére, kommunikációs tréningek, személyiségfejlesztő tréningek, kiégés megelőzésére szolgáló tréningek formájában.</p>
<p>Fontos számunkra a hatékony munkavégzés, ezért a továbbképzéseink során ezt a területet is fejlesztjük megfelelő programokkal, vezetői készségfejlesztési, vezetéselméleti és gazdálkodáselméleti témákban.</p>
<p>Menedzsment jellegű képzések részletes lebontása:</p>
<ul>
<li>Demens betegek nappali ellátását végzők képzési programja- 20 fő</li>
<li>Változáskezelés a szociális ágazatban- 20 fő</li>
<li>Kiégést megelőző tréning – 40 fő</li>
<li>Asszertív kommunikáció – 36f ő</li>
<li>Új megközelítések a hatékony szervezeti kommunikációban – 36 fő</li>
<li>Mentálhigiénés csoport vezetése kognitív terápiás elvek alapján – 10 fő</li>
<li>Segítői önismereti csoport – 15 fő</li>
<li>Vezetői készségek fejlesztése az egészségügyben – 16 fő</li>
<li>Egészségügyi vezetéselmélet – 10 fő</li>
<li>Egészségügyi gazdálkodáselmélet -10 fő</li>
<li>Mindennapi stressz, agresszív-és konfliktushelyzetek kommunikációs kezelése a betegellátás gyakorlatában- 32 fő</li>
<li>Személyes hatékonyság fejlesztése az egészségügyi munkavégzésben- 32 fő</li>
<li>Gyógyító szavak ereje, azaz elkötelezés és hatásgyakorlás a betegellátás során a jobb beteg-együttműködésért, az eredményes betegoktatásért és a gyógyulásért- 32 fő</li>
</ul>
<p>A képzéseket minden esetben érvényes intézményakkreditációval rendelkező képző intézmények végzik, minősített képzési programok alapján. Munkánk során célunk a gondozottak magas szintű, individuális ellátásának a biztosítása. Mindehhez elengedhetetlen a sokrétű, magas szintű ismeretekkel rendelkező szakemberek alkalmazása, a hatékony munkaszervezés, a megfelelő szervezeten belüli kommunikáció, valamint a dolgozók lelki egészségének biztosítása. A pszichiátriai betegekkel való foglalkozás rendkívül nagy pszichés megterhelést jelent az itt dolgozók számára. Készségfejlesztő tréningekkel, stressz oldó technikák elsajátításával kiküszöbölhetjük a kiégés tünet-együttesének kialakulását és segíthetjük munkatársaink lelki egészségének megtartását. Időközben a személyi állományban történt változások és a közbeszerzési eljárás során sikerült közel 10 millió Ft-ot megtakarítanunk, amely felhasználásának engedélyezését kérvényeztük az ESZA, mint Közreműködő Szervezetnél. A fennmaradt összeget további képzések szervezésére kívánjuk felhasználni, mint pl. diabetológiai szakápoló képzés, pszichiátriai betegek rehabilitációját, felépülését segítő szakdolgozói kompetenciabővítő képzések, autogén tréning. A pályázat segítséget nyújt számunkra abban, hogy a szakirányú képzéseket, továbbképzéseket végzett dolgozók, az egyre magasabb színvonalú szakmai munka megvalósulásához tevékenyen tudjanak hozzájárulni. Az ellátásszervezés és a kommunikáció fejlesztése is az eredményesebb betegellátást segíti.</p>
<p><span style="text-decoration: underline;"><em><strong>Képzések:</strong></em></span></p>
<ul>
<li>Szakápoló képzés:</li>
<li>Kiégést megelőző tréning</li>
</ul>
<p>&nbsp;</p>
<p>&nbsp;</p>
<p>&nbsp;</p>

<p>„Képzési programok az egészségügyi ágazat szolgáltatásfejlesztése érdekében.” APszichiátriai Betegek Otthona Szentgotthárd az ország és közép Európa legnagyobb pszichiátriai betegeket ellátó intézménye, melyben 734 krónikus pszichiátriai beteg tartós ápolását-gondozását végezzük. Az otthon az Új Széchenyi Terv Társadalmi Megújulás Operatív Program támogatási rendszeréhez benyújtott „Képzési programok az egészségügyi ágazat szolgáltatásfejlesztése érdekében.” című TÁMOP 6.2.2 A-11/1-2012-0071 jelű pályázatát [&hellip;]</p>
