{"id":120,"date":"2014-08-18T13:37:40","date_gmt":"2014-08-18T13:37:40","guid":{"rendered":"https:\/\/www.gotthardotthon.hu\/?page_id=120"},"modified":"2021-05-03T07:53:53","modified_gmt":"2021-05-03T06:53:53","slug":"foglalkoztatas","status":"publish","type":"page","link":"https:\/\/www.gotthardotthon.hu\/?page_id=120","title":{"rendered":"Foglalkoztat\u00e1s"},"content":{"rendered":"<p>Az ell\u00e1tottak munkak\u00e9szs\u00e9g\u00e9nek, valamint testi \u00e9s szellemi k\u00e9pess\u00e9geinek munkav\u00e9gz\u00e9ssel t\u00f6rt\u00e9n\u0151 meg\u0151rz\u00e9se, illetve fejleszt\u00e9se \u00e9rdek\u00e9ben int\u00e9zm\u00e9ny\u00fcnk 2006 szeptember\u00e9t\u0151l szoci\u00e1lis foglalkoztat\u00e1st m\u0171k\u00f6dtet. A lak\u00f3 alkalmass\u00e1g\u00e1t\u00f3l f\u00fcgg\u0151en a fejleszt\u0151 foglalkoztat\u00e1si forma k\u00edn\u00e1l lehet\u0151s\u00e9get a munkak\u00e9szs\u00e9g megtart\u00e1s\u00e1ra, illetve munkafolyamatok betanul\u00e1s\u00e1ra.<br \/>\nA F\u0150KEFE K\u00f6zhaszn\u00fa Nonprofit Kft. az int\u00e9zm\u00e9ny\u00fcnkkel k\u00f6t\u00f6tt meg\u00e1llapod\u00e1s keret\u00e9ben a magasabb szint\u0171 fejleszt\u0151 foglalkoztat\u00e1si form\u00e1t biztos\u00edtja. Ennek keret\u00e9ben folyamatos munkatev\u00e9kenys\u00e9geket ny\u00fajt a munkaszerz\u0151d\u00e9ssel foglalkoztatott dolgoz\u00f3knak. V\u00e9gzett tev\u00e9kenys\u00e9geik a m\u00e1rk\u00e1tlan\u00edt\u00e1s, a doboz ragaszt\u00e1s, a r\u00e9zment\u00e9s \u00e9s t\u00f6m\u0151anyag el\u0151k\u00e9sz\u00edt\u00e9s.<a href=\"https:\/\/www.gotthardotthon.hu\/wp-content\/uploads\/2010\/04\/szoci%C3%A1lis-foglalk.jpg\"><img loading=\"lazy\" decoding=\"async\" class=\"alignright  wp-image-238\" title=\"szoci\u00e1lis foglalk\" src=\"https:\/\/www.gotthardotthon.hu\/wp-content\/uploads\/2010\/04\/szoci%C3%A1lis-foglalk-300x225.jpg\" alt=\"\" width=\"240\" height=\"180\" \/><\/a><br \/>\nAz int\u00e9zm\u00e9ny \u00e1ltal m\u0171k\u00f6dtetett fejleszt\u0151 foglalkoztat\u00e1si meg\u00e1llapod\u00e1s keret\u00e9ben v\u00e9gzett tev\u00e9kenys\u00e9g. Ennek sor\u00e1n az \u00e9rintettek munk\u00e1jukkal, napi 4 \u00f3r\u00e1ban a parkgondoz\u00e1sban, a mosod\u00e1ban, valamint a kiseg\u00edt\u0151 r\u00e9szlegeken seg\u00edtik az ell\u00e1tand\u00f3 feladatokat. K\u00e9t<!--more-->m\u0171hely\u00fcnkben a munk\u00e1t v\u00e1llal\u00f3k egy r\u00e9sze text\u00edli\u00e1k feldolgoz\u00e1s\u00e1t v\u00e9gzi \u00e9s t\u00f6bbnyire a h\u00e1ztart\u00e1sokban haszn\u00e1lhat\u00f3 term\u00e9keket gy\u00e1rtanak. Az itt k\u00e9sz\u00fclt \u00e1ruk list\u00e1j\u00e1t term\u00e9kkatal\u00f3gusunk tartalmazza.<\/p>\n","protected":false},"excerpt":{"rendered":"<p>Az ell\u00e1tottak munkak\u00e9szs\u00e9g\u00e9nek, valamint testi \u00e9s szellemi k\u00e9pess\u00e9geinek munkav\u00e9gz\u00e9ssel t\u00f6rt\u00e9n\u0151 meg\u0151rz\u00e9se, illetve fejleszt\u00e9se \u00e9rdek\u00e9ben int\u00e9zm\u00e9ny\u00fcnk 2006 szeptember\u00e9t\u0151l szoci\u00e1lis foglalkoztat\u00e1st m\u0171k\u00f6dtet. A lak\u00f3 alkalmass\u00e1g\u00e1t\u00f3l f\u00fcgg\u0151en a fejleszt\u0151 foglalkoztat\u00e1si forma k\u00edn\u00e1l lehet\u0151s\u00e9get a munkak\u00e9szs\u00e9g megtart\u00e1s\u00e1ra, illetve munkafolyamatok betanul\u00e1s\u00e1ra. A F\u0150KEFE K\u00f6zhaszn\u00fa Nonprofit Kft. az int\u00e9zm\u00e9ny\u00fcnkkel k\u00f6t\u00f6tt meg\u00e1llapod\u00e1s keret\u00e9ben a magasabb szint\u0171 fejleszt\u0151 foglalkoztat\u00e1si form\u00e1t biztos\u00edtja. Ennek keret\u00e9ben [&hellip;]<\/p>\n","protected":false},"author":1,"featured_media":0,"parent":0,"menu_order":0,"comment_status":"closed","ping_status":"closed","template":"","meta":{"xn-wppe-expiration":[],"xn-wppe-expiration-action":[],"xn-wppe-expiration-prefix":[],"zakra_page_container_layout":"customizer","zakra_page_sidebar_layout":"customizer","zakra_remove_content_margin":false,"zakra_sidebar":"customizer","zakra_transparent_header":"customizer","zakra_logo":0,"zakra_main_header_style":"default","zakra_menu_item_color":"","zakra_menu_item_hover_color":"","zakra_menu_item_active_color":"","zakra_menu_active_style":"","zakra_page_header":true,"footnotes":""},"class_list":["post-120","page","type-page","status-publish","hentry"],"_links":{"self":[{"href":"https:\/\/www.gotthardotthon.hu\/index.php?rest_route=\/wp\/v2\/pages\/120","targetHints":{"allow":["GET"]}}],"collection":[{"href":"https:\/\/www.gotthardotthon.hu\/index.php?rest_route=\/wp\/v2\/pages"}],"about":[{"href":"https:\/\/www.gotthardotthon.hu\/index.php?rest_route=\/wp\/v2\/types\/page"}],"author":[{"embeddable":true,"href":"https:\/\/www.gotthardotthon.hu\/index.php?rest_route=\/wp\/v2\/users\/1"}],"replies":[{"embeddable":true,"href":"https:\/\/www.gotthardotthon.hu\/index.php?rest_route=%2Fwp%2Fv2%2Fcomments&post=120"}],"version-history":[{"count":5,"href":"https:\/\/www.gotthardotthon.hu\/index.php?rest_route=\/wp\/v2\/pages\/120\/revisions"}],"predecessor-version":[{"id":1368,"href":"https:\/\/www.gotthardotthon.hu\/index.php?rest_route=\/wp\/v2\/pages\/120\/revisions\/1368"}],"wp:attachment":[{"href":"https:\/\/www.gotthardotthon.hu\/index.php?rest_route=%2Fwp%2Fv2%2Fmedia&parent=120"}],"curies":[{"name":"wp","href":"https:\/\/api.w.org\/{rel}","templated":true}]}}

Foglalkoztatás

<p>Az ellátottak munkakészségének, valamint testi és szellemi képességeinek munkavégzéssel történő megőrzése, illetve fejlesztése érdekében intézményünk 2006 szeptemberétől szociális foglalkoztatást működtet. A lakó alkalmasságától függően a fejlesztő foglalkoztatási forma kínál lehetőséget a munkakészség megtartására, illetve munkafolyamatok betanulására.<br />
A FŐKEFE Közhasznú Nonprofit Kft. az intézményünkkel kötött megállapodás keretében a magasabb szintű fejlesztő foglalkoztatási formát biztosítja. Ennek keretében folyamatos munkatevékenységeket nyújt a munkaszerződéssel foglalkoztatott dolgozóknak. Végzett tevékenységeik a márkátlanítás, a doboz ragasztás, a rézmentés és tömőanyag előkészítés.<a href="https://www.gotthardotthon.hu/wp-content/uploads/2010/04/szoci%C3%A1lis-foglalk.jpg"><img loading="lazy" decoding="async" class="alignright  wp-image-238" title="szociális foglalk" src="https://www.gotthardotthon.hu/wp-content/uploads/2010/04/szoci%C3%A1lis-foglalk-300x225.jpg" alt="" width="240" height="180" /></a><br />
Az intézmény által működtetett fejlesztő foglalkoztatási megállapodás keretében végzett tevékenység. Ennek során az érintettek munkájukkal, napi 4 órában a parkgondozásban, a mosodában, valamint a kisegítő részlegeken segítik az ellátandó feladatokat. Két<!--more-->műhelyünkben a munkát vállalók egy része textíliák feldolgozását végzi és többnyire a háztartásokban használható termékeket gyártanak. Az itt készült áruk listáját termékkatalógusunk tartalmazza.</p>

<p>Az ellátottak munkakészségének, valamint testi és szellemi képességeinek munkavégzéssel történő megőrzése, illetve fejlesztése érdekében intézményünk 2006 szeptemberétől szociális foglalkoztatást működtet. A lakó alkalmasságától függően a fejlesztő foglalkoztatási forma kínál lehetőséget a munkakészség megtartására, illetve munkafolyamatok betanulására. A FŐKEFE Közhasznú Nonprofit Kft. az intézményünkkel kötött megállapodás keretében a magasabb szintű fejlesztő foglalkoztatási formát biztosítja. Ennek keretében [&hellip;]</p>
