{"id":1098,"date":"2018-09-11T12:23:03","date_gmt":"2018-09-11T11:23:03","guid":{"rendered":"https:\/\/www.gotthardotthon.hu\/?page_id=1098"},"modified":"2026-04-07T09:27:56","modified_gmt":"2026-04-07T08:27:56","slug":"terapias-szolgaltatasok","status":"publish","type":"page","link":"https:\/\/www.gotthardotthon.hu\/?page_id=1098","title":{"rendered":"TER\u00c1PI\u00c1S SZOLG\u00c1LTAT\u00c1SOK"},"content":{"rendered":"<p>A ter\u00e1pi\u00e1s szolg\u00e1ltat\u00e1sokat a pszicho-, m\u0171v\u00e9szet- \u00e9s, mozg\u00e1ster\u00e1pi\u00e1s tev\u00e9kenys\u00e9geket az Eg\u00e9szs\u00e9g\u00fcgyi Ter\u00e1pi\u00e1s Csoport munkat\u00e1rsai val\u00f3s\u00edtj\u00e1k meg.<br \/>\nA Ment\u00e1lhigi\u00e9n\u00e9s Szoci\u00e1lis \u00e9s Ter\u00e1pi\u00e1s Csoporttal egy\u00fcttm\u0171k\u00f6dve egy\u00e9b szocioter\u00e1pi\u00e1s tev\u00e9kenys\u00e9geket is folytatnak.<br \/>\nA csoport munkat\u00e1rsai alap- \u00e9s m\u00f3dszerspecifikus k\u00e9pzetts\u00e9g\u00fcknek megfelel\u0151en els\u0151sorban az al\u00e1bbi tev\u00e9kenys\u00e9geket v\u00e9gzik:<\/p>\n<ul>\n<li>humanisztikus elveket szem el\u0151tt tart\u00f3 szem\u00e9lyre szabott gondoz\u00e1s<\/li>\n<li>pszichodiagnosztika<\/li>\n<li>egy\u00e9ni \u00e9s csoportos pszichoter\u00e1pia, m\u0171v\u00e9szetter\u00e1pia, mozg\u00e1ster\u00e1pia<\/li>\n<li>szabadid\u0151 kultur\u00e1lt elt\u00f6lt\u00e9s\u00e9nek biztos\u00edt\u00e1sa<\/li>\n<li>munkat\u00e1rsak ment\u00e1lhigi\u00e9n\u00e9s seg\u00edt\u00e9se<\/li>\n<li>kutat\u00f3munka, tudom\u00e1nyos tev\u00e9kenys\u00e9g<\/li>\n<\/ul>\n<p>Feladatunknak tekintj\u00fck az ell\u00e1tottak testi \u00e9s lelki \u00e1llapot\u00e1nak fejleszt\u00e9s\u00e9t a lak\u00f3 kor\u00e1nak, eg\u00e9szs\u00e9gi \u00e1llapot\u00e1nak \u00e9s egy\u00e9ni adotts\u00e1gainak figyelembe v\u00e9tel\u00e9vel.<br \/>\nA feladatok \u00e9s m\u00f3dszerek tekintet\u00e9ben jelent\u0151s\u00e9g\u00fckben az al\u00e1bbiak emelkednek ki:<\/p>\n<ul>\n<li>\u00e9letvezet\u00e9si tan\u00e1csad\u00e1s<\/li>\n<li>szoci\u00e1lis k\u00e9szs\u00e9gek fejleszt\u00e9se<\/li>\n<li>lelki fejl\u0151d\u00e9s el\u0151seg\u00edt\u00e9se<\/li>\n<li>traum\u00e1k feldolgoz\u00e1sa<\/li>\n<li>konfliktuskezel\u00e9si technik\u00e1k megtan\u00edt\u00e1sa<\/li>\n<li>kr\u00edzisintervenci\u00f3<\/li>\n<li>medi\u00e1ci\u00f3<\/li>\n<li>hat\u00e9kony kommunik\u00e1ci\u00f3 megtan\u00edt\u00e1sa<\/li>\n<li>relax\u00e1ci\u00f3, bels\u0151 b\u00e9ke megteremt\u00e9se<\/li>\n<li>szem\u00e9lyis\u00e9gfejleszt\u00e9s<\/li>\n<li>fizikai aktivit\u00e1s \u00e9s er\u0151nl\u00e9t megtart\u00e1sa, n\u00f6vel\u00e9se<\/li>\n<li>helyes testtart\u00e1s \u00e9s testmozg\u00e1s megtan\u00edt\u00e1sa<\/li>\n<li>testi \u00e9s lelki \u00e9rtelemben vett prevenci\u00f3s tev\u00e9kenys\u00e9g<\/li>\n<\/ul>\n<p>A csoport munkat\u00e1rsai meghat\u00e1rozott beoszt\u00e1s szerint dolgoznak az oszt\u00e1lyokon.<br \/>\nSzakmai tev\u00e9kenys\u00e9g\u00fcket els\u0151dlegesen az adott oszt\u00e1ly lak\u00f3i k\u00f6r\u00e9ben v\u00e9gzik az ell\u00e1tottak ig\u00e9nyeihez,\u00e1llapot\u00e1hoz, valamint a felmer\u00fcl\u0151 probl\u00e9m\u00e1khoz igazodva. Munk\u00e1juk alapja a lak\u00f3 \u00e9s a terapeuta k\u00f6zti bizalmi kapcsolat, ez\u00e9rt munkat\u00e1rsainkat felkereshetik lak\u00f3k az int\u00e9zm\u00e9ny b\u00e1rmely oszt\u00e1ly\u00e1r\u00f3l. A lak\u00f3 ig\u00e9ny\u00e9nek megfelel\u0151 ell\u00e1t\u00e1si m\u00f3dr\u00f3l sz\u00fcks\u00e9g szerint m\u00e1s szakember bevon\u00e1s\u00e1val gondoskodnak. A ter\u00e1pi\u00e1khoz jut\u00e1s az oszt\u00e1lyos \u00e9s a komplex ter\u00e1pi\u00e1s team javaslat\u00e1ra is t\u00f6rt\u00e9nhet.<br \/>\nA gy\u00f3gytorn\u00e1sz-mozg\u00e1sterapeuta orvosi vagy pszichol\u00f3gusi indik\u00e1ci\u00f3ra, pontos anamn\u00e9zis \u00e9s diagn\u00f3zis birtok\u00e1ban kezdi meg tev\u00e9kenys\u00e9g\u00e9t. A kezel\u00e9s be\u00e1ll\u00edt\u00e1s\u00e1t a funkcion\u00e1lis diagn\u00f3zis, az \u00e1llapotfelm\u00e9r\u00e9s, a kezel\u00e9si c\u00e9l \u00e9s terv meghat\u00e1roz\u00e1sa ut\u00e1n \u00f6n\u00e1ll\u00f3an v\u00e9gzi. Pszichodiagnosztikai munk\u00e1t a komplex ter\u00e1pi\u00e1s munka el\u0151seg\u00edt\u00e9s\u00e9nek \u00e9rdek\u00e9ben v\u00e9gz\u00fcnk. Pszichi\u00e1ter szakorvos klinikai k\u00e9rd\u00e9ssel ig\u00e9nyelhet a pszichol\u00f3gus munkat\u00e1rst\u00f3l szakv\u00e9lem\u00e9nyt. Ez esetben a pszichol\u00f3gus \u00f6n\u00e1ll\u00f3 hat\u00e1sk\u00f6re a megfelel\u0151 diagnosztikai eszk\u00f6z kiv\u00e1laszt\u00e1sa \u00e9s alkalmaz\u00e1sa.<\/p>\n","protected":false},"excerpt":{"rendered":"<p>A ter\u00e1pi\u00e1s szolg\u00e1ltat\u00e1sokat a pszicho-, m\u0171v\u00e9szet- \u00e9s, mozg\u00e1ster\u00e1pi\u00e1s tev\u00e9kenys\u00e9geket az Eg\u00e9szs\u00e9g\u00fcgyi Ter\u00e1pi\u00e1s Csoport munkat\u00e1rsai val\u00f3s\u00edtj\u00e1k meg. A Ment\u00e1lhigi\u00e9n\u00e9s Szoci\u00e1lis \u00e9s Ter\u00e1pi\u00e1s Csoporttal egy\u00fcttm\u0171k\u00f6dve egy\u00e9b szocioter\u00e1pi\u00e1s tev\u00e9kenys\u00e9geket is folytatnak. A csoport munkat\u00e1rsai alap- \u00e9s m\u00f3dszerspecifikus k\u00e9pzetts\u00e9g\u00fcknek megfelel\u0151en els\u0151sorban az al\u00e1bbi tev\u00e9kenys\u00e9geket v\u00e9gzik: humanisztikus elveket szem el\u0151tt tart\u00f3 szem\u00e9lyre szabott gondoz\u00e1s pszichodiagnosztika egy\u00e9ni \u00e9s csoportos pszichoter\u00e1pia, m\u0171v\u00e9szetter\u00e1pia, [&hellip;]<\/p>\n","protected":false},"author":1,"featured_media":0,"parent":0,"menu_order":0,"comment_status":"closed","ping_status":"closed","template":"","meta":{"xn-wppe-expiration":[],"xn-wppe-expiration-action":[],"xn-wppe-expiration-prefix":[],"zakra_page_container_layout":"customizer","zakra_page_sidebar_layout":"customizer","zakra_remove_content_margin":false,"zakra_sidebar":"customizer","zakra_transparent_header":"customizer","zakra_logo":0,"zakra_main_header_style":"default","zakra_menu_item_color":"","zakra_menu_item_hover_color":"","zakra_menu_item_active_color":"","zakra_menu_active_style":"","zakra_page_header":true,"footnotes":""},"class_list":["post-1098","page","type-page","status-publish","hentry"],"_links":{"self":[{"href":"https:\/\/www.gotthardotthon.hu\/index.php?rest_route=\/wp\/v2\/pages\/1098","targetHints":{"allow":["GET"]}}],"collection":[{"href":"https:\/\/www.gotthardotthon.hu\/index.php?rest_route=\/wp\/v2\/pages"}],"about":[{"href":"https:\/\/www.gotthardotthon.hu\/index.php?rest_route=\/wp\/v2\/types\/page"}],"author":[{"embeddable":true,"href":"https:\/\/www.gotthardotthon.hu\/index.php?rest_route=\/wp\/v2\/users\/1"}],"replies":[{"embeddable":true,"href":"https:\/\/www.gotthardotthon.hu\/index.php?rest_route=%2Fwp%2Fv2%2Fcomments&post=1098"}],"version-history":[{"count":8,"href":"https:\/\/www.gotthardotthon.hu\/index.php?rest_route=\/wp\/v2\/pages\/1098\/revisions"}],"predecessor-version":[{"id":2391,"href":"https:\/\/www.gotthardotthon.hu\/index.php?rest_route=\/wp\/v2\/pages\/1098\/revisions\/2391"}],"wp:attachment":[{"href":"https:\/\/www.gotthardotthon.hu\/index.php?rest_route=%2Fwp%2Fv2%2Fmedia&parent=1098"}],"curies":[{"name":"wp","href":"https:\/\/api.w.org\/{rel}","templated":true}]}}

TERÁPIÁS SZOLGÁLTATÁSOK

<p>A terápiás szolgáltatásokat a pszicho-, művészet- és, mozgásterápiás tevékenységeket az Egészségügyi Terápiás Csoport munkatársai valósítják meg.<br />
A Mentálhigiénés Szociális és Terápiás Csoporttal együttműködve egyéb szocioterápiás tevékenységeket is folytatnak.<br />
A csoport munkatársai alap- és módszerspecifikus képzettségüknek megfelelően elsősorban az alábbi tevékenységeket végzik:</p>
<ul>
<li>humanisztikus elveket szem előtt tartó személyre szabott gondozás</li>
<li>pszichodiagnosztika</li>
<li>egyéni és csoportos pszichoterápia, művészetterápia, mozgásterápia</li>
<li>szabadidő kulturált eltöltésének biztosítása</li>
<li>munkatársak mentálhigiénés segítése</li>
<li>kutatómunka, tudományos tevékenység</li>
</ul>
<p>Feladatunknak tekintjük az ellátottak testi és lelki állapotának fejlesztését a lakó korának, egészségi állapotának és egyéni adottságainak figyelembe vételével.<br />
A feladatok és módszerek tekintetében jelentőségükben az alábbiak emelkednek ki:</p>
<ul>
<li>életvezetési tanácsadás</li>
<li>szociális készségek fejlesztése</li>
<li>lelki fejlődés elősegítése</li>
<li>traumák feldolgozása</li>
<li>konfliktuskezelési technikák megtanítása</li>
<li>krízisintervenció</li>
<li>mediáció</li>
<li>hatékony kommunikáció megtanítása</li>
<li>relaxáció, belső béke megteremtése</li>
<li>személyiségfejlesztés</li>
<li>fizikai aktivitás és erőnlét megtartása, növelése</li>
<li>helyes testtartás és testmozgás megtanítása</li>
<li>testi és lelki értelemben vett prevenciós tevékenység</li>
</ul>
<p>A csoport munkatársai meghatározott beosztás szerint dolgoznak az osztályokon.<br />
Szakmai tevékenységüket elsődlegesen az adott osztály lakói körében végzik az ellátottak igényeihez,állapotához, valamint a felmerülő problémákhoz igazodva. Munkájuk alapja a lakó és a terapeuta közti bizalmi kapcsolat, ezért munkatársainkat felkereshetik lakók az intézmény bármely osztályáról. A lakó igényének megfelelő ellátási módról szükség szerint más szakember bevonásával gondoskodnak. A terápiákhoz jutás az osztályos és a komplex terápiás team javaslatára is történhet.<br />
A gyógytornász-mozgásterapeuta orvosi vagy pszichológusi indikációra, pontos anamnézis és diagnózis birtokában kezdi meg tevékenységét. A kezelés beállítását a funkcionális diagnózis, az állapotfelmérés, a kezelési cél és terv meghatározása után önállóan végzi. Pszichodiagnosztikai munkát a komplex terápiás munka elősegítésének érdekében végzünk. Pszichiáter szakorvos klinikai kérdéssel igényelhet a pszichológus munkatárstól szakvéleményt. Ez esetben a pszichológus önálló hatásköre a megfelelő diagnosztikai eszköz kiválasztása és alkalmazása.</p>

<p>A terápiás szolgáltatásokat a pszicho-, művészet- és, mozgásterápiás tevékenységeket az Egészségügyi Terápiás Csoport munkatársai valósítják meg. A Mentálhigiénés Szociális és Terápiás Csoporttal együttműködve egyéb szocioterápiás tevékenységeket is folytatnak. A csoport munkatársai alap- és módszerspecifikus képzettségüknek megfelelően elsősorban az alábbi tevékenységeket végzik: humanisztikus elveket szem előtt tartó személyre szabott gondozás pszichodiagnosztika egyéni és csoportos pszichoterápia, művészetterápia, [&hellip;]</p>
